71 = 83*a. What is the remainder when a is divided by 63?
30
Let t = 72 + -41. Let j be (6/12)/((-1)/(-2)). Calculate the remainder when t is divided by (2/((-4)/(-22)))/j.
9
Let q(f) = -6*f + 16*f - 8 - 6*f - 3*f. Calculate the remainder when 7 is divided by q(12).
3
Let x = -22 + 16. What is the remainder when 35 is divided by (-136)/(-12) + (-4)/x?
11
Let t = -1179 + 1211. What is the remainder when t is divided by 7?
4
Suppose 24 = s - 0*z - 4*z, 0 = -5*s - 5*z + 20. Calculate the remainder when 2 + 5 + 5 + 0 is divided by s.
4
Suppose 0 = -5*d + 9 + 1. Suppose -5*w + 230 = 5*p, 145 + 50 = 5*w - d*p. Suppose m - 66 = -2*m. Calculate the remainder when w is divided by m.
19
Suppose 6 = -2*p + 32. Let l = 6 + p. Suppose -7 = -2*r - 3*a, -r + 3*a = -8 - 0. What is the remainder when l is divided by r?
4
Let f = 4495 + -1402. Calculate the remainder when f is divided by 34.
33
Let y(o) = 13*o + 176. Let k be y(-8). Let f = -1 - -2. Let q = k - f. What is the remainder when q is divided by 24?
23
Let z = 4487 + -4483. Calculate the remainder when 1/(-4) - (-17)/4 is divided by z.
0
Suppose 0 = -2*j + 8 + 52. What is the remainder when 569 is divided by j?
29
Let p(s) = -s**3 + 2*s + 26. What is the remainder when 508 is divided by p(0)?
14
Suppose -u - u = -860. Let a be 2/(-4) + u/(-20). Let z = -16 - a. Calculate the remainder when z is divided by 4.
2
Let x = 7 + -53. Let a = 61 + x. Suppose 61 = f - 3*l + 13, 0 = 5*f - l - 212. Calculate the remainder when f is divided by a.
12
Suppose -3*t = 3, -2*t = -2*w - 4*t + 18. Let u(v) = 2*v + 3 + 4 + 1 - 2. Calculate the remainder when w is divided by u(0).
4
Calculate the remainder when 80 is divided by ((-2)/(-1) - 53)*(-13)/39.
12
Let i = 61 - 48. What is the remainder when i is divided by 4?
1
Let z = -41 - -83. Let a = z + 17. Suppose 108 = -9*d + 18*d. Calculate the remainder when a is divided by d.
11
Suppose 4*f = -3*f + 119. What is the remainder when f is divided by 6?
5
Let h = -485 + 1048. Calculate the remainder when h is divided by 6.
5
Let o(u) = 36*u**3 + u**2 - 2*u + 1. Let b be (-1)/(-4) - (-121)/44. Suppose 6 = 3*x + b. Calculate the remainder when 141 is divided by o(x).
33
Suppose f + 2*t = 212, 9 = 54*t - 51*t. What is the remainder when f is divided by 15?
11
Let f(m) = 5*m + 76. Calculate the remainder when f(16) is divided by 53.
50
Let y(d) = 2*d**3 - 2*d**2 + 9*d - 4. What is the remainder when 161 is divided by y(2)?
7
Calculate the remainder when (-11496)/(-36) - 5/(15 - 0) is divided by 20.
19
Let f be 0/(4*(9/(-6) + 1)). Calculate the remainder when (-175)/(-50)*(f - -18) is divided by 22.
19
Calculate the remainder when 28 is divided by (16/1 - 6) + 1.
6
Let q(m) = -7*m - 11. Suppose 0 = 5*g - k + 22, -3*g = g + k + 23. What is the remainder when 95 is divided by q(g)?
23
Let q(i) = -24*i - 148. What is the remainder when q(-9) is divided by 21?
5
Suppose -4*z - 4*g = -5*z - 6, 2*g + 18 = -3*z. Let y = z + 9. Suppose y*n + 2*n = 35. What is the remainder when 18 is divided by n?
4
Suppose -2*a - 3*a + 18 = f, f + 18 = 4*a. Suppose -y + 2*i = 4*y - 334, a*y = -2*i + 278. What is the remainder when y is divided by 7?
5
Let y be (-27 - 3)*2*-1. Let t be (-3 - (-17)/5)*y. Suppose -61 = -2*x + l + 2, x = -l + t. What is the remainder when x is divided by 8?
5
Let c(u) = 19*u**2 - 8*u - 9. Let o = 12 + -14. Calculate the remainder when c(o) is divided by 22.
17
Suppose 3*k - k = -1252. Suppose -7*s + 71 = 8. Calculate the remainder when k/(-18) + 2/9 is divided by s.
8
Suppose 0*d - 60 = -4*f - 4*d, 43 = 5*f - 3*d. Let w be (-1 - -1)/(48/16). Suppose 0 = -w*t - t + 41. Calculate the remainder when t is divided by f.
8
Let g(c) = c**3 - 4*c**2 - 11*c + 7. Calculate the remainder when g(7) is divided by 26.
25
Suppose -2*b = -2*n + 4, 3*b + 14 = -0*n + 5*n. Calculate the remainder when 9 is divided by n.
1
Suppose -2*m - 633 = -3*o - 2*o, 8 = -2*m. Suppose 4*s = 2*n + 412, -3*n - o - 181 = -3*s. Calculate the remainder when s is divided by 21.
20
Suppose 2*s + 703 = 3*p, 8*p - 3*s = 7*p + 225. Calculate the remainder when p is divided by 20.
17
Suppose -7*g = -5*g - 10. Suppose -f + 4*f + 844 = 4*a, -3*a - g*f + 662 = 0. What is the remainder when a is divided by 31?
28
Let j(z) = -z**3 - 4*z**2 - 5*z - 16. Let y be j(-4). Suppose 0 = n - 2*n - v + 2, 4*n - 40 = y*v. Calculate the remainder when 93 is divided by n.
3
Let d be (2 + -3)*(-6)/2. Let x(l) = -l**3 + 5*l**2 + 10. What is the remainder when 137 is divided by x(d)?
25
Calculate the remainder when 6 + (2337/171)/((-1)/(-3)) is divided by 24/2 + 2 + -2.
11
Suppose -10*m - 5*f - 543 = -13*m, 0 = f. Calculate the remainder when m is divided by 23.
20
Suppose -36 + 18 = -3*o. Let z(t) = 28*t - 45. What is the remainder when z(o) is divided by 18?
15
Suppose 0 = 2*g + 5*n - 1466, 0 = 4*g - 5*g - 4*n + 730. What is the remainder when g is divided by 74?
72
Let o be -5*5 - (-2 + -2). Let z = -20 - o. Let g(h) = -h**3 + 5*h**2 - 6*h + 1. Calculate the remainder when g(3) is divided by z.
0
Let v = 212 + -48. Suppose -26*j + 30*j = v. Suppose -39 = -3*t - 6. What is the remainder when j is divided by t?
8
Let m = 53 + 0. Let o = m + -39. Let t = 73 + -35. Calculate the remainder when t is divided by o.
10
Suppose -5*l - 105 = -5*d, 4*d + 5*l - 36 = 48. What is the remainder when 55 is divided by d?
13
Let g(r) = 16*r + 142. What is the remainder when g(0) is divided by 50?
42
Let u = -9 - -9. Suppose u = -6*w - 4 + 22. What is the remainder when 6 is divided by w?
0
Let w(n) = -n**2 + 14*n + 4. Let l be w(14). Suppose 0 = 2*v - 3*v + l. Calculate the remainder when 14 is divided by v.
2
Let u(n) = n**3 - 17*n**2 + n - 13. What is the remainder when 9 is divided by u(17)?
1
Suppose 6*s - 43 = -3*h + 10*s, 2*h = -3*s + 40. Suppose 0 = -q + x + h, x + 3 = 4*x. What is the remainder when 30 is divided by q?
12
Let w(d) = d + 36. Let y(x) = x + 37. Let g(q) = 7*w(q) - 6*y(q). Let r = 101 + -49. Calculate the remainder when r is divided by g(-16).
10
Let d be 5*(18/(-15))/(-3). Let i(t) = -9*t + 0 + d*t - 1. What is the remainder when 39 is divided by i(-3)?
19
Let k(z) = 2*z**2 + 6*z - 3. Suppose 2*o - 3*o = 3*f + 30, 3*o = f - 80. What is the remainder when (-488)/(-6) + (-18)/o is divided by k(-5)?
14
Let r(h) = -15*h**3 + 8*h**2 + 2*h - 4. Let g be r(-5). What is the remainder when g/63 - (-2)/7 is divided by 13?
7
Suppose -3*x + 6 = -3, -3*w + 4*x + 93 = 0. Let s(k) = k**3 - 5*k**2 - 7*k + 12. What is the remainder when w is divided by s(6)?
5
Let u(g) = 82*g + 25. What is the remainder when u(3) is divided by 55?
51
Suppose -39*j = -16*j - 2208. Calculate the remainder when j is divided by 35.
26
Let d be ((-3)/6)/(3/90). Let h be d/10*(-2)/(-1). Calculate the remainder when -1 - (3 - -153)/h is divided by 13.
12
Let j = 15 - 15. Suppose m - 52 - 44 = j. Let z = m + -42. Calculate the remainder when z is divided by 28.
26
Let l(z) = -21*z - 30. What is the remainder when l(-2) is divided by 9?
3
Suppose 4*x + 88 = d + 49, d - 29 = -x. Calculate the remainder when 109 is divided by d.
16
Calculate the remainder when ((-6968)/(-78))/((-4)/(-9)) is divided by 41.
37
Suppose -22*o - 15 = -25*o. Suppose h = 3*h - 8. Suppose -4*p - h*y = -60, 4*y - 6 + 2 = 0. Calculate the remainder when p is divided by o.
4
Let t = -210 - -249. Let x(y) = -113*y. Calculate the remainder when x(-1) is divided by t.
35
Let j(b) = 3*b**2 - 9*b - 4. Let w be j(4). Suppose w*i = 5*i, -4*r = -5*i - 44. What is the remainder when 17 is divided by r?
6
Suppose 28*h = 1028 + 652. Calculate the remainder when h is divided by 2.
0
Let d = 54 - 3. Suppose -29*z + 20*z + 234 = 0. Suppose j = 3*j - z. Calculate the remainder when d is divided by j.
12
Let h = 128 - 48. Let p(x) = 2*x**3 - 13*x**2 - x. Let u be p(7). Let s = h - u. Calculate the remainder when s is divided by 10.
8
Suppose 1102*l + 952 = 1109*l. What is the remainder when l is divided by 28?
24
Let b = -811 + 1131. Calculate the remainder when b is divided by 23.
21
Suppose 0 = 10*c - 19*c + 378. What is the remainder when 376 is divided by c?
40
Let m = -596 + 639. Let v(o) = 2*o**2 + 3*o + o**3 - 4*o - 3*o**2. What is the remainder when m is divided by v(3)?
13
Suppose 0 = 5*o - 4*s - 75